se
Is 71317 a composite number?
False
Is 60017 prime?
True
Is 8279 prime?
False
Is 26027 a prime number?
False
Is 1963 composite?
True
Is 14813 a prime number?
True
Is 31721 a composite number?
False
Is 5906 composite?
True
Is 73693 composite?
False
Is 2099 a composite number?
False
Is 1067 a composite number?
True
Is 202991 a prime number?
False
Is 1843 a composite number?
True
Is 16811 a composite number?
False
Is 1657 a composite number?
False
Is 159254 prime?
False
Is 17965 prime?
False
Is 219886 prime?
False
Is 1963723 a prime number?
False
Is 19661 a prime number?
True
Is 428345 prime?
False
Is 1579766 prime?
False
Is 180893 composite?
True
Is 85753 a composite number?
True
Is 5321 a composite number?
True
Is 535426 composite?
True
Is 14473 prime?
False
Is 168233 a composite number?
True
Is 148089 a prime number?
False
Is 193983 composite?
True
Is 33101 a prime number?
False
Is 55351 a composite number?
False
Is 3269 a composite number?
True
Is 184961 a composite number?
True
Is 20317 prime?
False
Is 358313 a composite number?
False
Is 189311 a composite number?
False
Is 34885 composite?
True
Is 571691 composite?
True
Is 301349 a composite number?
False
Is 224545 a prime number?
False
Is 689 a composite number?
True
Is 9263 composite?
True
Is 2305 prime?
False
Is 16603 composite?
False
Is 480287 a prime number?
True
Is 162413 a prime number?
True
Is 42317 a prime number?
False
Is 69691 prime?
True
Is 2053357 prime?
True
Is 97741 a composite number?
True
Is 22391 composite?
False
Is 20327 composite?
False
Is 2333 a prime number?
True
Is 4837 prime?
False
Is 12031 composite?
True
Is 28513 a prime number?
True
Is 88359 composite?
True
Is 15013 a prime number?
True
Is 26233 composite?
True
Is 3793 a composite number?
False
Is 41927 a composite number?
False
Is 667 prime?
False
Is 78691 composite?
False
Is 49327 a composite number?
True
Is 10473 a composite number?
True
Is 25001 composite?
True
Is 317137 a prime number?
False
Is 128559 a composite number?
True
Is 421417 prime?
True
Is 646099 composite?
False
Is 12531 prime?
False
Is 336283 prime?
False
Is 49834 a composite number?
True
Is 2423389 a composite number?
True
Is 5269 composite?
True
Is 1739 a composite number?
True
Is 11969 a prime number?
True
Is 52747 prime?
True
Is 373601 a prime number?
False
Is 12707 composite?
True
Is 90659 prime?
True
Is 297049 composite?
False
Is 209317 prime?
True
Is 6241 a prime number?
False
Is 1041571 prime?
True
Is 1597571 a prime number?
False
Is 1231 prime?
True
Is 20183 a prime number?
True
Is 222961 a prime number?
False
Is 48449 composite?
False
Is 907 composite?
False
Is 303989 a prime number?
False
Is 66463 composite?
False
Is 8009 prime?
True
Is 36706 prime?
False
Is 29663 prime?
True
Is 12289 a composite number?
False
Is 11351 prime?
True
Is 13963 a composite number?
False
Is 92623 a composite number?
False
Is 20977 composite?
True
Is 786413 composite?
True
Is 2534713 a composite number?
False
Is 3017 a prime number?
False
Is 225601 a composite number?
False
Is 466637 composite?
False
Is 32837 a prime number?
False
Is 19561 prime?
False
Is 1210999 prime?
True
Is 30029 a prime number?
True
Is 83023 prime?
True
Is 1273981 prime?
True
Is 13883 prime?
True
Is 5873 composite?
True
Is 49615 a prime number?
False
Is 58727 composite?
False
Is 1111397 a composite number?
True
Is 12791 prime?
True
Is 280289 composite?
True
Is 3500537 prime?
True
Is 98621 prime?
True
Is 58783 composite?
True
Is 809207 composite?
True
Is 137567 prime?
True
Is 15859 a prime number?
True
Is 3408389 a composite number?
False
Is 161 a composite number?
True
Is 19333 a prime number?
True
Is 19207 prime?
True
Is 1618 composite?
True
Is 36287 a composite number?
True
Is 12791 a prime number?
True
Is 31099 a composite number?
True
Is 1021747 composite?
False
Is 22181 a prime number?
False
Is 357947 prime?
False
Is 20011 a prime number?
True
Is 52357 composite?
True
Is 160049 a prime number?
True
Is 6247 a composite number?
False
Is 481 prime?
False
Is 13141 composite?
True
Is 236774 a composite number?
True
Is 12289 a composite number?
False
Is 813361 a composite number?
False
Is 1799 composite?
True
Is 65167 a prime number?
True
Is 25882 composite?
True
Is 13103 composite?
False
Is 441185 prime?
False
Is 6711 a composite number?
True
Is 120095 a composite number?
True
Is 8131 a composite number?
True
Is 179351 composite?
False
Is 63731 composite?
True
Is 7111 composite?
True
Is 11791 a prime number?
False
Is 2329 a composite number?
True
Is 2099 a prime number?
True
Is 36667 a composite number?
True
Is 17035 composite?
True
Is 676207 composite?
True
Is 48437 a prime number?
True
Is 553 composite?
True
Is 1177733 a prime number?
True
Is 30031 prime?
False
Is 4441 composite?
False
Is 458173 a prime number?
True
Is 752699 prime?
True
Is 18295 prime?
False
Is 131359 composite?
True
Is 17543 prime?
False
Is 747811 prime?
True
Is 423067 a composite number?
False
Is 587413 composite?
False
Is 1212119 a composite number?
False
Is 14227 a prime number?
False
Is 18199 prime?
True
Is 5579 prime?
False
Is 979 composite?
True
Is 3007 prime?
False
Is 2827 composite?
True
Is 92333 prime?
True
Is 185293 composite?
True
Is 237361 a prime number?
True
Is 1581213 composite?
True
Is 3557 a prime number?
True
Is 30631 a prime number?
True
Is 26797 prime?
False
Is 46253 a prime number?
False
Is 2733 composite?
True
Is 9518 a prime number?
False
Is 17821 prime?
False
Is 415217 composite?
True
Is 32113 a prime number?
False
Is 3166 prime?
False
Is 7591 composite?
False
Is 22609 a composite number?
True
Is 6313 composite?
True
Is 201823 prime?
True
Is 825661 composite?
False
Is 1537 a prime number?
False
Is 2095613 composite?
True
Is 13837 prime?
False
Is 115763 composite?
False
Is 43181 a prime number?
False
Is 6731 a prime number?
False
Is 38299 composite?
False
Is 6879 a prime number?
False
Is 58217 a composite number?
False
Is 7669 composite?
False
Is 9923 prime?
True
Is 66643 a prime number?
True
Is 191 a prime number?
True
Is 85381 a prime number?
True
Is 2573 composite?
True
Is 1899841 composite?
True
Is 165311 composite?
False
Is 1238 composite?
True
Is 1707 composite?
True
Is 1319 a composite number?
False
Is 6387 a prime number?
False
Is 15943 composite?
True
Is 50459 a prime number?
True
Is 3089 a prime number?
True
Is 677 prime?
True
Is 6673 composite?
False
Is 13883 a composite number?
False
Is 54611 a composite number?
True
Is 474481 prime?
False
Is 137117 prime?
True
Is 869 a composite number?
True
Is 45389 prime?
True
Is 6927 a prime number?
False
Is 1782269 composite?
False
Is 152257 a composite number?
True
Is 14197 a composite number?
False
Is 60793 prime?
True
Is 275513 a composite number?
True
Is 55871 prime?
True
Is 38039 a composite number?
False
Is 17213 prime?
False
Is 6899 prime?
True
Is 221281 composite?
False
Is 27717 a prime number?
False
Is 16897 prime?
False
Is 2647 composite?
False
Is 3949 a prime number?
False
Is 305 composite?
True
Is 89753 a composite number?
False
Is 32687 a composite number?
False
Is 1409817 a composite number?
True
Is 137087 prime?
True
Is 15613 prime?
False
Is 477461 a composite number?
False
Is 66169 a composite number?
False
Is 2181 a prime number?
False
Is 234947 prime?
True
Is 176965 a prime number?
False
Is 38299 a composite number?
False
Is 22579 a prime number?
False
Is 11549 prime?
True
Is 32027 a prime number?
True
Is 518009 prime?
False
Is 90499 a composite number?
False
Is 2153 a composite number?
False
Is 2612707 composite?
False
Is 66337 composite?
False
Is 8857 a prime number?
False
Is 2707 a composite number?
False
Is 3593 a composite number?
False
Is 25097 a composite number?
False
Is 414933 prime?
False
Is 176105 a prime number?
False
Is 305329 prime?
True
Is 2159 composite?
True
Is 57227 prime?
False
Is 72643 a composite number?
False
Is 226729 prime?
False
Is 508943 a prime number?
True
Is 1906081 prime?
False
Is 304565 a composite number?
True
Is 8707 a prime number?
True
Is 97423 a composite number?
False
Is 4126 a composite number?
True
Is 138419 composite?
True
Is 543281 prime?
True
Is 24499 a composite number?
False
Is 129083 a prime number?
True
Is 3184769 a composite number?
True
Is 4083 composite?
True
Is 34778 prim